 - 9. Determine d(3).
-33
Let p(f) = f**2 + 2*f - 20. Calculate p(6).
28
Let k(h) = h**2 + 16*h + 30. What is k(-15)?
15
Let c(p) = p**3 + p + 1. Calculate c(0).
1
Let m(s) = 63*s - 308. What is m(5)?
7
Let h(r) = -r**3 - 5*r**2 + 18*r - 45. Give h(-8).
3
Let i(u) = u**3 - 16*u**2 - u + 20. Give i(16).
4
Let d(p) = -2*p - 10. Determine d(-18).
26
Let p(q) = -q**2 + 2*q. Calculate p(-2).
-8
Let l(v) = -2*v**3 - 4*v**2 + 7*v + 1. Give l(-4).
37
Let f(j) = 6*j + 230. Determine f(-36).
14
Let l(i) = -i**2 + 7*i - 6. Give l(6).
0
Let o(m) = -5*m + 109. Calculate o(16).
29
Let v(n) = 3*n - 94. What is v(19)?
-37
Let k(n) = n**2 - 10*n - 2. What is k(10)?
-2
Let y(f) = -f**3 - 9*f**2 - 7*f - 37. What is y(-9)?
26
Let n(f) = f**3 + 10*f**2 + 10*f. What is n(-9)?
-9
Let t(b) = -6*b - 21. What is t(-14)?
63
Let l(y) = 5*y - 3. Determine l(-2).
-13
Let m(x) = 8*x**2 + 170*x + 51. Determine m(-21).
9
Let r(u) = -u**3 + 2*u**2 - 2*u + 7. Determine r(0).
7
Let c(m) = -10*m - 17. Calculate c(-3).
13
Let q(f) = 14*f + 42. Give q(-8).
-70
Let n(f) = -111*f - 2. Give n(1).
-113
Let d(v) = 6*v - 1. Calculate d(-3).
-19
Let g(b) = 2*b**2 + 63*b - 64. Determine g(-34).
106
Let x(v) = -v**3 - 12*v**2 - 14*v - 13. Determine x(-11).
20
Let o(g) = -g + 5. Determine o(5).
0
Let w(s) = -3*s + 47. Calculate w(26).
-31
Let z(b) = -b**3 + 10*b**2 - 18*b - 4. Determine z(8).
-20
Let h(d) = d**3 - d**2 - d + 3. What is h(-2)?
-7
Let o(p) = -p**2 - 13*p + 4. Calculate o(-13).
4
Let r(i) = -i**3 - 6*i**2 + 4*i + 19. Calculate r(-6).
-5
Let u(c) = -c**3 + 9*c**2 - 6*c + 13. Calculate u(9).
-41
Let x(a) = a**3 + 9*a**2 - 70*a - 12. Calculate x(-14).
-12
Let d(b) = -b**3 + 17*b**2 - 3*b + 11. Determine d(17).
-40
Let d(n) = -n - 9. Give d(9).
-18
Let i(u) = -u**3 + 21*u**2 + 2*u - 43. Determine i(21).
-1
Let g(j) = -j + 10. What is g(30)?
-20
Let f(m) = -m**2 + 10*m - 9. Give f(9).
0
Let v(p) = -2*p + 44. Determine v(-21).
86
Let d(g) = -49*g. Determine d(-1).
49
Let l(f) = -2*f**3 - 14*f**2 + 13*f - 9. What is l(-8)?
15
Let k(x) = -x**3 + 2*x**2 + 2*x + 3. What is k(3)?
0
Let t(z) = -2*z + 2. What is t(2)?
-2
Let v(y) = 17*y**2 + 2. What is v(-2)?
70
Let u(w) = 2*w**2 - 9*w + 5. Give u(6).
23
Let y(d) = d**2 - 16*d + 42. Give y(14).
14
Let f(y) = y + 48. What is f(-25)?
23
Let x(t) = -12*t**2 + 205*t - 17. Give x(17).
0
Let r(n) = 2*n**3 - 13*n**2 + 3*n - 74. Determine r(7).
-4
Let k(s) = 28*s - 52. Give k(2).
4
Let m(w) = 7*w**3 - 7*w + 8. Calculate m(2).
50
Let c(b) = 2*b**2 - 9*b - 5. What is c(7)?
30
Let x(k) = -18*k - 15. What is x(-7)?
111
Let b(i) = -i**2 + 25. Calculate b(0).
25
Let g(w) = w**2 - 22*w - 61. What is g(24)?
-13
Let q(d) = -d**3 - 4*d**2 - 9*d - 2. What is q(-2)?
8
Let b(y) = -7*y - 19. Calculate b(-3).
2
Let m(x) = -x**3 + 23*x**2 - 42*x - 20. What is m(21)?
-20
Let s(p) = p**3 + 10*p**2 + 5*p + 2. Determine s(-9).
38
Let v(b) = -b**3 + 4*b**2 - 4*b - 4. Determine v(5).
-49
Let y(j) = -2*j + 2. What is y(3)?
-4
Let x(i) = -i**3 - 5*i**2 + 4*i + 1. What is x(-6)?
13
Let o(b) = 12*b - 78. What is o(10)?
42
Let t(v) = -17*v + 38. Calculate t(-4).
106
Let c(u) = 4*u**2 - 63*u - 7. What is c(16)?
9
Let u(v) = 4*v - 66. Give u(15).
-6
Let r(i) = 2*i - 2. Give r(-4).
-10
Let s(p) = 4*p**2 - 36*p + 1. Calculate s(9).
1
Let h(i) = i**2 - 9*i + 19. What is h(10)?
29
Let z(y) = -14*y**3 + 2*y**2 + y - 2. Determine z(2).
-104
Let p(q) = q**3 - 3*q**2 - 5*q + 17. Determine p(4).
13
Let f(p) = p - 24. Give f(15).
-9
Let t(a) = -2*a**2 + 46*a - 13. Calculate t(23).
-13
Let t(m) = m - 13. What is t(15)?
2
Let q(k) = -2*k - 8. Calculate q(-11).
14
Let h(r) = r**2 + 8*r. Calculate h(6).
84
Let r(j) = 29*j**2 + j + 1. What is r(-1)?
29
Let o(t) = 17*t + 15. Give o(-7).
-104
Let g(i) = -i + 11. Calculate g(9).
2
Let j(m) = -2*m**3 + 86*m**2 - 2*m + 63. Calculate j(43).
-23
Let q(c) = 4*c - 7. What is q(2)?
1
Let i(m) = -m**2 - m. Give i(-1).
0
Let j(t) = 9*t + 9. Give j(-5).
-36
Let i(t) = -2*t**2 - 34*t - 75. Calculate i(-15).
-15
Let x(q) = 14*q + 3. Calculate x(-2).
-25
Let q(l) = -l**2 - 6*l - 12. Determine q(-9).
-39
Let q(b) = -22*b - 69. Calculate q(-4).
19
Let p(s) = -s**3 + 16*s**2 - s + 19. What is p(16)?
3
Let t(q) = 8*q**3 - 2*q**2 + 1. Give t(2).
57
Let y(p) = -20*p - 32. Give y(-2).
8
Let p(w) = -7*w. Give p(6).
-42
Let k(z) = -2*z**2 + 34*z - 48. Determine k(16).
-16
Let j(f) = -f**2 - 3*f + 4. Determine j(-4).
0
Let t(j) = -7*j**2 - 55*j + 2. Give t(-8).
-6
Let n(w) = -12*w**3 + 2*w**2 + w + 1. Give n(-2).
103
Let b(s) = 2*s**2 + 60*s - 121. What is b(-32)?
7
Let b(m) = -m**3 - 4*m**2 + 3*m + 10. Calculate b(-4).
-2
Let f(s) = s**2 - 18*s - 13. Give f(18).
-13
Let z(g) = -g**2 + 10*g - 58. Give z(15).
-133
Let n(x) = -25*x + 2. What is n(-2)?
52
Let g(d) = -d**3 - 5*d**2 - 9*d - 10. What is g(-5)?
35
Let v(a) = 5*a + 10. Calculate v(-3).
-5
Let l(m) = 3*m**2 - 19*m - 55. Give l(-4).
69
Let k(z) = 6*z + 74. What is k(-14)?
-10
Let m(s) = 3*s - 33. Determine m(17).
18
Let p(b) = b**3 - b**2 + b + 4. Determine p(0).
4
Let x(b) = -b**2 - 13*b - 2. Calculate x(-6).
40
Let s(m) = 2*m**2 + 85*m + 36. Calculate s(-42).
-6
Let w(b) = b**3 - 10*b**2 - 3. Calculate w(10).
-3
Let z(i) = -i**3 + 7*i**2 - 2*i - 5. Calculate z(5).
35
Let l(v) = v**3 - 4*v. Calculate l(-2).
0
Let x(t) = t**3 - 11*t**2 + 2*t + 4. Determine x(11).
26
Let h(t) = t**3 + 6*t**2 - 6*t + 2. Calculate h(-5).
57
Let z(g) = -5*g + 1. Calculate z(3).
-14
Let j(m) = -m**3 + m**2 + 16*m - 9. Give j(4).
7
Let b(u) = 7*u**3 + 2*u**2 - 5*u + 2. Calculate b(1).
6
Let y(a) = a + 31. What is y(-9)?
22
Let b(t) = -t**2 + 11*t + 8. Give b(13).
-18
Let s(v) = -8*v**2 - 56*v - 10. What is s(-7)?
-10
Let q(s) = -s**2 - 6*s + 353. What is q(16)?
1
Let b(y) = -y**3 - 6*y**2 + 8*y + 13. Give b(-7).
6
Let d(t) = -t**2 - 11*t + 158. Give d(8).
6
Let u(q) = -q**2 - 7*q - 24. Determine u(-5).
-14
Let p(i) = i**2 - 17*i - 23. Determine p(17).
-23
Let s(n) = -n + 2. What is s(-7)?
9
Let g(t) = -3*t - 29. Give g(7).
-50
Let s(j) = -j**2 - 4. What is s(8)?
-68
Let w(b) = -b**3 + 4*b**2 + 14*b - 23. Determine w(5).
22
Let p(g) = g**2 + 16*g - 42. What is p(-18)?
-6
Let p(o) = 25*o - 167. Give p(6).
-17
Let m(b) = -2*b**2 + 2*b + 25. What is m(5)?
-15
Let v(b) = 151*b**3 + 4*b - 4. What is v(1)?
151
Let k(j) = -2*j**2 + 6*j - 2. Give k(5).
-22
Let a(p) = -3*p**2 + 62*p + 15. Calculate a(21).
-6
Let j(u) = -5*u + 8. Determine j(0).
8
Let b(i) = i**3 + 8*i**2 + i - 14. Determine b(-7).
28
Let p(s) = -s**3 - 14*s**2 - 25*s - 17. What is p(-12)?
-5
Let h(r) = -r**2 - 12*r + 7. Calculate h(-13).
-6
Let g(b) = b**3 + 3*b**2 - 4*b + 2. What is g(-4)?
2
Let g(v) = -135*v**3 - 3*v - 2. Calculate g(-1).
136
Let y(d) = 13*d - 54. Calculate y(9).
63
Let w(l) = -9*l + 7. Give w(-4).
43
Let s(n) = n**2 + 4*n + 3. Calculate s(-6).
15
Let c(o) = 2*o - 10. Determine c(0).
-10
Let u(n) = -n**3 - 3*n**2 + 11*n - 2. Calculate u(-5).
-7
Let l(b) = 3*b**3 - 50*b**2 - 16*b - 22. Determine l(17).
-5
Let w(l) = -l**2 + 1. Calculate w(0).
1
Let g(p) = -6*p**2 + 3*p + 1. Give g(2).
-17
Let c(u) = -9*u + 6. Calculate c(3).
-21
Let o(t) = t**3 + 8*t**2 + 3*t + 7. Give o(-8).
-17
Let r(a) = -2*a**2 - 23*a - 28. What is r(-10)?
2
Let n(c) = -c**3 - 21*c**2 - 19*c + 15. Give n(-20).
-5
Let m(s) = s**3 - 12*s**2 - 5*s + 18. Calculate m(12).
-42
Let l(d) = d**3 - 9*d**2 + 9*d - 5. Calculate l(6).
-59
Let l(z) = -z**3 + 7*z**2 + 3*z - 10. Determine l(7).
11
Let w(j) = -8*j**2 + j. Determine w(-1).
-9
Let a(h) = h + 6. Give a(-7).
-1
Let d(r) = -11*r + 40. Give d(-2).
62
Let w(o) = -o**2 - 8*o - 2. What is w(-9)?
-11
Let g(k) = -10*k + 26. Calculate g(4).
-14
Let m(o) = o**3 - 12*o**2 + 14*o - 11. Calculate m(11).
22
Let u(s) = 7*s - 66. What is u(14)?
32
Let i(h) = h + 2. Determine i(-4).
-2
Let f(b) = -b**2 + 4*b + 1. Calculate f(4).
1
Let o(v) = -4*v + 14. What is o(10)?
-26
Let x(w) = w**3 - 6*w**2 + 4*w + 4. What is x(4)?
-12
Let d(b) = -b**2 - 11*b - 17. Determine d(-8).
7
Let u(t) = -t + 10. What is u(0)?
10
Let a(d) = -2*d**2 + 2*d - 1. What is a(1)?
-1
Let a(s) = -s**3 + 4*s**2 + 5*s - 6. What is a(5)?
-6
Let y(l) = 3*l**3 - l**2 + l + 2. Determine y(-2).
-28
Let y(p) = p**2 + 39*p + 357. Give y(-15).
-3
Let o(s) = -s**3 - 8*s**2 + 12*s + 26. Give o(